of 416?
False
Is 29 a factor of 23402565?
True
Does 455 divide 469661?
False
Is 18 a factor of 29862?
True
Does 1385 divide 4630055?
True
Is 216 a factor of 750168?
True
Does 286 divide 150436?
True
Does 3 divide 3887907?
True
Is 347 a factor of 123454?
False
Is 10 a factor of 24050?
True
Does 703 divide 763700?
False
Is 1248507 a multiple of 27?
True
Does 7 divide 80591?
True
Is 7 a factor of 243894?
True
Is 29904 a multiple of 14?
True
Does 26 divide 6085?
False
Does 717 divide 8159460?
True
Is 4500175 a multiple of 25?
True
Is 4556952 a multiple of 289?
True
Is 123775 a multiple of 60?
False
Is 769750 a multiple of 75?
False
Does 14 divide 434868?
True
Is 205339 a multiple of 70?
False
Is 96280 a multiple of 20?
True
Is 198292 a multiple of 178?
True
Is 47 a factor of 21618?
False
Does 77 divide 382228?
True
Is 28 a factor of 67062?
False
Is 274474 a multiple of 357?
False
Is 107049 a multiple of 17?
True
Is 22119409 a multiple of 69?
False
Is 5 a factor of 1555?
True
Does 296 divide 66054?
False
Does 57 divide 1185372?
True
Does 51 divide 1104507?
True
Is 9288266 a multiple of 322?
False
Is 609965 a multiple of 134?
False
Is 481268 a multiple of 698?
False
Is 30 a factor of 476430?
True
Is 236 a factor of 2936745?
False
Is 15 a factor of 54092?
False
Does 23 divide 145544?
True
Does 11 divide 172359?
True
Is 13 a factor of 3448393?
True
Does 26 divide 973793?
False
Is 280440 a multiple of 18?
True
Does 301 divide 93611?
True
Is 268434 a multiple of 18?
True
Does 3 divide 52419?
True
Is 31 a factor of 2727634?
False
Does 115 divide 111090?
True
Is 4 a factor of 130147?
False
Is 170 a factor of 130928?
False
Is 53 a factor of 5700574?
True
Does 5 divide 356445?
True
Is 5 a factor of 10260?
True
Does 9 divide 7945?
False
Does 155 divide 2712335?
False
Does 128 divide 93696?
True
Is 3 a factor of 56895?
True
Is 18 a factor of 222951?
False
Is 12547175 a multiple of 1975?
True
Does 11 divide 818329?
False
Is 15054 a multiple of 386?
True
Is 55 a factor of 302149?
False
Does 113 divide 106579?
False
Is 274 a factor of 237528?
False
Is 4215513 a multiple of 150?
False
Is 559 a factor of 4518397?
True
Is 306090 a multiple of 10?
True
Is 70165 a multiple of 4?
False
Is 450324 a multiple of 18?
True
Is 16 a factor of 8343808?
True
Is 10 a factor of 10300?
True
Is 55 a factor of 333526?
False
Is 892372 a multiple of 26?
True
Is 6685596 a multiple of 9?
True
Is 598334 a multiple of 8?
False
Is 1302535 a multiple of 26?
False
Is 6 a factor of 87925?
False
Is 121 a factor of 934412?
False
Is 82 a factor of 253091?
False
Is 515745 a multiple of 2?
False
Is 2861161 a multiple of 69?
False
Is 72250 a multiple of 8?
False
Is 11428645 a multiple of 167?
True
Is 158912 a multiple of 186?
False
Is 10093342 a multiple of 9?
False
Is 292 a factor of 15025444?
True
Is 11 a factor of 487102?
True
Does 20 divide 1156140?
True
Does 31 divide 851921?
False
Is 595590 a multiple of 46?
False
Is 9 a factor of 9135701?
False
Does 382 divide 5862172?
True
Does 166 divide 1097885?
False
Is 15 a factor of 3606870?
True
Does 9 divide 118420?
False
Does 148 divide 110556?
True
Is 80 a factor of 10970000?
True
Is 1443045 a multiple of 17?
True
Is 26 a factor of 296122?
False
Is 105833 a multiple of 68?
False
Is 73 a factor of 7574720?
False
Does 372 divide 2103660?
True
Is 470 a factor of 1078650?
True
Is 116 a factor of 524796?
False
Does 101 divide 66155?
True
Is 373 a factor of 350805?
False
Does 12 divide 453540?
True
Is 545 a factor of 2202345?
True
Is 1599 a factor of 3033333?
False
Is 673 a factor of 1539507?
False
Does 7 divide 3809325?
False
Does 1057 divide 6839847?
True
Is 144206 a multiple of 14?
False
Is 632985 a multiple of 152?
False
Does 62 divide 268834?
False
Is 115 a factor of 44059?
False
Is 25364 a multiple of 746?
True
Is 2292564 a multiple of 18?
False
Does 159 divide 946348?
False
Is 112525 a multiple of 6?
False
Is 8 a factor of 172736?
True
Is 60 a factor of 932880?
True
Is 34 a factor of 2790725?
False
Is 876758 a multiple of 241?
True
Is 12 a factor of 34062828?
True
Is 10 a factor of 23326686?
False
Does 36 divide 29072?
False
Is 9875 a multiple of 25?
True
Is 121 a factor of 133403?
False
Is 39 a factor of 65052?
True
Is 601 a factor of 1300233?
False
Is 23 a factor of 1143945?
False
Is 369 a factor of 1312836?
False
Is 887440 a multiple of 10?
True
Does 33 divide 14660617?
False
Is 677772 a multiple of 201?
True
Is 672225 a multiple of 25?
True
Does 12 divide 4121?
False
Is 5 a factor of 288375?
True
Is 88 a factor of 53682?
False
Does 12 divide 521448?
True
Is 3078613 a multiple of 6?
False
Is 504660 a multiple of 390?
True
Is 124480 a multiple of 40?
True
Is 17612 a multiple of 34?
True
Is 27807 a multiple of 31?
True
Does 271 divide 4880981?
True
Is 27 a factor of 4258845?
True
Does 36 divide 89172?
True
Is 1317890 a multiple of 35?
True
Is 95634 a multiple of 46?
True
Does 205 divide 483862?
False
Is 568 a factor of 2788720?
False
Does 20 divide 923347?
False
Is 1060640 a multiple of 20?
True
Is 66640 a multiple of 80?
True
Is 1427080 a multiple of 323?
False
Does 458 divide 129156?
True
Is 5 a factor of 124920?
True
Is 7650850 a multiple of 58?
False
Is 45 a factor of 32081?
False
Does 66 divide 165783?
False
Is 14998 a multiple of 14?
False
Is 18 a factor of 198809?
False
Is 20 a factor of 2433640?
True
Does 18 divide 68430?
False
Is 57 a factor of 468063?
False
Is 81940 a multiple of 170?
True
Is 15 a factor of 331155?
True
Is 24178 a multiple of 7?
True
Does 49 divide 2558143?
True
Does 988 divide 1310848?
False
Is 296000 a multiple of 74?
True
Does 33 divide 37752?
True
Does 88 divide 560593?
False
Does 78 divide 5810376?
True
Does 132 divide 4221360?
True
Does 222 divide 164482?
False
Is 87880 a multiple of 130?
True
Does 94 divide 105374?
True
Does 1005 divide 16164345?
False
Is 73 a factor of 1763753?
True
Does 83 divide 87051?
False
Is 291917 a multiple of 327?
False
Is 5 a factor of 104260?
True
Is 5 a factor of 234050?
True
Does 7 divide 407745?
False
Does 105 divide 15127690?
False
Is 3077080 a multiple of 430?
True
Is 23 a factor of 26566?
False
Does 361 divide 1824855?
True
Is 17 a factor of 28738806?
True
Does 271 divide 2258514?
True
Does 108 divide 2387732?
False
Is 12 a factor of 102200?
False
Is 123 a factor of 3030474?
True
Is 16 a factor of 787952?
True
Does 18 divide 344322?
True
Is 1536475 a multiple of 741?
False
Is 4 a factor of 25864?
True
Does 622 divide 748888?
True
Does 82 divide 38030036?
False
Does 446 divide 65585?
False
Is 10 a factor of 204660?
True
Is 67 a factor of 13017765?
True
Is 451363 a multiple of 34?
False
Is 549419 a multiple of 4?
False
Is 12 a factor of 104103?
False
Does 11 divide 388465?
True
Does 62 divide 10679686?
True
Does 12 divide 258359?
False
Is 20 a factor of 502900?
True
Is 521888 a multiple of 32?
True
Does 195 divide 478920?
True
Is 671 a factor of 1806699?
False
Does 841 divide 935192?
True
Is 174 a factor of 127542?
True
Is 12506 a multiple of 6?
False
Does 14 divide 3915114?
True
Is 217 a factor of 114359?
True
Is 786625 a multiple of 203?
True
Is 5944901 a multiple of 31?
True
Does 1171 divide 7894716?
False
Does 376 divide 9381614?
False
Is 11 a factor of 323774?
True
Is 12488 a multiple of 4?
True
Is 189 a factor of 5692491?
True
Does 321 divide 11867921?
False
Does 112 divide 905972?
False
Does 3 divide 15173?
False
Does 176 divide 66880?
True
Is 336 a factor of 906864?
True
Is 284697 a multiple of 21?
True
Is 354932 a multiple of 1366?
False
Is 238631 a multiple of 98?
False
Is 8 a factor of 237068?
False
Is 1492278 a multiple of 153?
False
Is 50 a factor of 973612?
False
Is 143 a factor of 9438?
True
Is 121720 a multiple of 105?
False
Does 6 divide 1040875?
False
Is 2 a factor of 67709?
False
Is 1436752 even?
True
Is 160329 a multiple of 39?
True
Does 33 divide 5854992?
True
Is 9 a factor of 822033?
True
Is 177 a factor of 889552?
False
Is 59784 a multiple of 9?
False
Does 95 divide 3289473?
False
Is 43 a factor of 360813?
True
Is 85 a factor of 154192?
False
Is 726533 a multiple of 86?
False
Does 196 divide 1224608?
True
Does 38 divide 941239?
False
Is 451949 a multiple of 239?
True
Is 63600 a multiple of 20?
True
Does 382 divide 28089122?
False
Is 7457736 a multiple o